{"id":11865,"date":"2019-01-29T20:11:47","date_gmt":"2019-01-29T19:11:47","guid":{"rendered":"https:\/\/www.medico.hr\/?page_id=11865"},"modified":"2025-07-30T14:21:22","modified_gmt":"2025-07-30T12:21:22","slug":"oftalmologia","status":"publish","type":"page","link":"https:\/\/www.medico.hr\/it\/attivita\/oftalmologia\/","title":{"rendered":"Oftalmologia"},"content":{"rendered":"\n<p class=\"is-style-intro\">L\u2019oftalmologia \u00e8 il ramo della medicina che studia la struttura e la funzione dell\u2019occhio in condizioni normali e patologiche.<\/p>\n\n\n\n<p>L\u2019occhio \u00e8 l\u2019organo con cui percepiamo il mondo che ci circonda. Spesso si trascura il controllo regolare della vista e ci si reca dall\u2019oculista solo quando si nota che le immagini non sono pi\u00f9 nitide come prima. La percezione soggettiva di una buona vista pu\u00f2 nascondere un problema in fase di sviluppo. Le malattie oculari possono spesso svilupparsi senza sintomi evidenti. Quando si notano i sintomi, la malattia \u00e8 gi\u00e0 avanzata. I controlli preventivi e il trattamento tempestivo contribuiscono alla salute e alla qualit\u00e0 della vita. Dopo i 40 anni \u00e8 raccomandato un controllo oculistico annuale.<\/p>\n\n\n\n<p>Presso l\u2019Ospedale Specialistico Medico potete effettuare:<\/p>\n\n\n\n<p>Esame dell\u2019acuit\u00e0 visiva<br>Misurazione della pressione oculare<br>Esame biomicroscopico<br>Topografia corneale<br>Misurazione della pressione oculare<br>Esame del fondo oculare<br>Controllo per lenti a contatto<br>Campo visivo Octopus 900<br>OCT (tomografia a coerenza ottica)<br>Ecografia oculare<br>Biometria<br>Pachimetria<br>Interventi chirurgici:<br>Intervento chirurgico della cataratta (opacit\u00e0 del cristallino)<br>Blefaroplastica<br>Rimozione di tumori nella zona delle palpebre<br>Chirurgia dell\u2019orzaiolo<br>Chirurgia del pterigio<\/p>\n","protected":false},"excerpt":{"rendered":"<p>L\u2019oftalmologia \u00e8 il ramo della medicina che studia la struttura e la funzione dell\u2019occhio in condizioni normali e patologiche. L\u2019occhio&#8230;<\/p>\n","protected":false},"author":1,"featured_media":11868,"parent":11400,"menu_order":0,"comment_status":"closed","ping_status":"closed","template":"service-single.php","meta":{"_acf_changed":false,"footnotes":""},"class_list":["post-11865","page","type-page","status-publish","has-post-thumbnail","hentry"],"acf":[],"yoast_head":"<!-- This site is optimized with the Yoast SEO plugin v27.5 - https:\/\/yoast.com\/product\/yoast-seo-wordpress\/ -->\n<title>Oftalmologia | Ospedale Specialistico Medico<\/title>\n<meta name=\"description\" content=\"L\u2019oftalmologia \u00e8 il ramo della medicina che studia la struttura e la funzione dell\u2019occhio in condizioni normali e patologiche. L\u2019occhio \u00e8 l\u2019organo con cui\" \/>\n<meta name=\"robots\" content=\"index, follow, max-snippet:-1, max-image-preview:large, max-video-preview:-1\" \/>\n<link rel=\"canonical\" href=\"https:\/\/www.medico.hr\/it\/attivita\/oftalmologia\/\" \/>\n<meta property=\"og:locale\" content=\"it_IT\" \/>\n<meta property=\"og:type\" content=\"article\" \/>\n<meta property=\"og:title\" content=\"Oftalmologia | Ospedale Specialistico Medico\" \/>\n<meta property=\"og:description\" content=\"L\u2019oftalmologia \u00e8 il ramo della medicina che studia la struttura e la funzione dell\u2019occhio in condizioni normali e patologiche. L\u2019occhio \u00e8 l\u2019organo con cui\" \/>\n<meta property=\"og:url\" content=\"https:\/\/www.medico.hr\/it\/attivita\/oftalmologia\/\" \/>\n<meta property=\"og:site_name\" content=\"Ospedale Specialistico Medico\" \/>\n<meta property=\"article:modified_time\" content=\"2025-07-30T12:21:22+00:00\" \/>\n<meta property=\"og:image\" content=\"https:\/\/www.medico.hr\/wp-content\/uploads\/2019\/02\/oftalmologija.jpg\" \/>\n\t<meta property=\"og:image:width\" content=\"1200\" \/>\n\t<meta property=\"og:image:height\" content=\"675\" \/>\n\t<meta property=\"og:image:type\" content=\"image\/jpeg\" \/>\n<meta name=\"twitter:card\" content=\"summary_large_image\" \/>\n<meta name=\"twitter:label1\" content=\"Tempo di lettura stimato\" \/>\n\t<meta name=\"twitter:data1\" content=\"1 minuto\" \/>\n<script type=\"application\/ld+json\" class=\"yoast-schema-graph\">{\"@context\":\"https:\\\/\\\/schema.org\",\"@graph\":[{\"@type\":\"WebPage\",\"@id\":\"https:\\\/\\\/www.medico.hr\\\/it\\\/attivita\\\/oftalmologia\\\/\",\"url\":\"https:\\\/\\\/www.medico.hr\\\/it\\\/attivita\\\/oftalmologia\\\/\",\"name\":\"Oftalmologia | Ospedale Specialistico Medico\",\"isPartOf\":{\"@id\":\"https:\\\/\\\/www.medico.hr\\\/it\\\/#website\"},\"primaryImageOfPage\":{\"@id\":\"https:\\\/\\\/www.medico.hr\\\/it\\\/attivita\\\/oftalmologia\\\/#primaryimage\"},\"image\":{\"@id\":\"https:\\\/\\\/www.medico.hr\\\/it\\\/attivita\\\/oftalmologia\\\/#primaryimage\"},\"thumbnailUrl\":\"https:\\\/\\\/www.medico.hr\\\/wp-content\\\/uploads\\\/2019\\\/02\\\/oftalmologija.jpg\",\"datePublished\":\"2019-01-29T19:11:47+00:00\",\"dateModified\":\"2025-07-30T12:21:22+00:00\",\"description\":\"L\u2019oftalmologia \u00e8 il ramo della medicina che studia la struttura e la funzione dell\u2019occhio in condizioni normali e patologiche. L\u2019occhio \u00e8 l\u2019organo con cui\",\"breadcrumb\":{\"@id\":\"https:\\\/\\\/www.medico.hr\\\/it\\\/attivita\\\/oftalmologia\\\/#breadcrumb\"},\"inLanguage\":\"it-IT\",\"potentialAction\":[{\"@type\":\"ReadAction\",\"target\":[\"https:\\\/\\\/www.medico.hr\\\/it\\\/attivita\\\/oftalmologia\\\/\"]}]},{\"@type\":\"ImageObject\",\"inLanguage\":\"it-IT\",\"@id\":\"https:\\\/\\\/www.medico.hr\\\/it\\\/attivita\\\/oftalmologia\\\/#primaryimage\",\"url\":\"https:\\\/\\\/www.medico.hr\\\/wp-content\\\/uploads\\\/2019\\\/02\\\/oftalmologija.jpg\",\"contentUrl\":\"https:\\\/\\\/www.medico.hr\\\/wp-content\\\/uploads\\\/2019\\\/02\\\/oftalmologija.jpg\",\"width\":1200,\"height\":675},{\"@type\":\"BreadcrumbList\",\"@id\":\"https:\\\/\\\/www.medico.hr\\\/it\\\/attivita\\\/oftalmologia\\\/#breadcrumb\",\"itemListElement\":[{\"@type\":\"ListItem\",\"position\":1,\"name\":\"Po\u010detna\",\"item\":\"https:\\\/\\\/www.medico.hr\\\/it\\\/\"},{\"@type\":\"ListItem\",\"position\":2,\"name\":\"Attivit\u00e0\",\"item\":\"https:\\\/\\\/www.medico.hr\\\/it\\\/attivita\\\/\"},{\"@type\":\"ListItem\",\"position\":3,\"name\":\"Oftalmologia\"}]},{\"@type\":\"WebSite\",\"@id\":\"https:\\\/\\\/www.medico.hr\\\/it\\\/#website\",\"url\":\"https:\\\/\\\/www.medico.hr\\\/it\\\/\",\"name\":\"Specijalna bolnica Medico\",\"description\":\"In un solo giorno, in un solo luogo\",\"publisher\":{\"@id\":\"https:\\\/\\\/www.medico.hr\\\/it\\\/#organization\"},\"potentialAction\":[{\"@type\":\"SearchAction\",\"target\":{\"@type\":\"EntryPoint\",\"urlTemplate\":\"https:\\\/\\\/www.medico.hr\\\/it\\\/?s={search_term_string}\"},\"query-input\":{\"@type\":\"PropertyValueSpecification\",\"valueRequired\":true,\"valueName\":\"search_term_string\"}}],\"inLanguage\":\"it-IT\"},{\"@type\":\"Organization\",\"@id\":\"https:\\\/\\\/www.medico.hr\\\/it\\\/#organization\",\"name\":\"Specijalna bolnica Medico\",\"url\":\"https:\\\/\\\/www.medico.hr\\\/it\\\/\",\"logo\":{\"@type\":\"ImageObject\",\"inLanguage\":\"it-IT\",\"@id\":\"https:\\\/\\\/www.medico.hr\\\/it\\\/#\\\/schema\\\/logo\\\/image\\\/\",\"url\":\"https:\\\/\\\/www.medico.hr\\\/wp-content\\\/uploads\\\/2022\\\/03\\\/logo-medico.png\",\"contentUrl\":\"https:\\\/\\\/www.medico.hr\\\/wp-content\\\/uploads\\\/2022\\\/03\\\/logo-medico.png\",\"width\":391,\"height\":101,\"caption\":\"Specijalna bolnica Medico\"},\"image\":{\"@id\":\"https:\\\/\\\/www.medico.hr\\\/it\\\/#\\\/schema\\\/logo\\\/image\\\/\"}}]}<\/script>\n<!-- \/ Yoast SEO plugin. -->","yoast_head_json":{"title":"Oftalmologia | Ospedale Specialistico Medico","description":"L\u2019oftalmologia \u00e8 il ramo della medicina che studia la struttura e la funzione dell\u2019occhio in condizioni normali e patologiche. L\u2019occhio \u00e8 l\u2019organo con cui","robots":{"index":"index","follow":"follow","max-snippet":"max-snippet:-1","max-image-preview":"max-image-preview:large","max-video-preview":"max-video-preview:-1"},"canonical":"https:\/\/www.medico.hr\/it\/attivita\/oftalmologia\/","og_locale":"it_IT","og_type":"article","og_title":"Oftalmologia | Ospedale Specialistico Medico","og_description":"L\u2019oftalmologia \u00e8 il ramo della medicina che studia la struttura e la funzione dell\u2019occhio in condizioni normali e patologiche. L\u2019occhio \u00e8 l\u2019organo con cui","og_url":"https:\/\/www.medico.hr\/it\/attivita\/oftalmologia\/","og_site_name":"Ospedale Specialistico Medico","article_modified_time":"2025-07-30T12:21:22+00:00","og_image":[{"width":1200,"height":675,"url":"https:\/\/www.medico.hr\/wp-content\/uploads\/2019\/02\/oftalmologija.jpg","type":"image\/jpeg"}],"twitter_card":"summary_large_image","twitter_misc":{"Tempo di lettura stimato":"1 minuto"},"schema":{"@context":"https:\/\/schema.org","@graph":[{"@type":"WebPage","@id":"https:\/\/www.medico.hr\/it\/attivita\/oftalmologia\/","url":"https:\/\/www.medico.hr\/it\/attivita\/oftalmologia\/","name":"Oftalmologia | Ospedale Specialistico Medico","isPartOf":{"@id":"https:\/\/www.medico.hr\/it\/#website"},"primaryImageOfPage":{"@id":"https:\/\/www.medico.hr\/it\/attivita\/oftalmologia\/#primaryimage"},"image":{"@id":"https:\/\/www.medico.hr\/it\/attivita\/oftalmologia\/#primaryimage"},"thumbnailUrl":"https:\/\/www.medico.hr\/wp-content\/uploads\/2019\/02\/oftalmologija.jpg","datePublished":"2019-01-29T19:11:47+00:00","dateModified":"2025-07-30T12:21:22+00:00","description":"L\u2019oftalmologia \u00e8 il ramo della medicina che studia la struttura e la funzione dell\u2019occhio in condizioni normali e patologiche. L\u2019occhio \u00e8 l\u2019organo con cui","breadcrumb":{"@id":"https:\/\/www.medico.hr\/it\/attivita\/oftalmologia\/#breadcrumb"},"inLanguage":"it-IT","potentialAction":[{"@type":"ReadAction","target":["https:\/\/www.medico.hr\/it\/attivita\/oftalmologia\/"]}]},{"@type":"ImageObject","inLanguage":"it-IT","@id":"https:\/\/www.medico.hr\/it\/attivita\/oftalmologia\/#primaryimage","url":"https:\/\/www.medico.hr\/wp-content\/uploads\/2019\/02\/oftalmologija.jpg","contentUrl":"https:\/\/www.medico.hr\/wp-content\/uploads\/2019\/02\/oftalmologija.jpg","width":1200,"height":675},{"@type":"BreadcrumbList","@id":"https:\/\/www.medico.hr\/it\/attivita\/oftalmologia\/#breadcrumb","itemListElement":[{"@type":"ListItem","position":1,"name":"Po\u010detna","item":"https:\/\/www.medico.hr\/it\/"},{"@type":"ListItem","position":2,"name":"Attivit\u00e0","item":"https:\/\/www.medico.hr\/it\/attivita\/"},{"@type":"ListItem","position":3,"name":"Oftalmologia"}]},{"@type":"WebSite","@id":"https:\/\/www.medico.hr\/it\/#website","url":"https:\/\/www.medico.hr\/it\/","name":"Specijalna bolnica Medico","description":"In un solo giorno, in un solo luogo","publisher":{"@id":"https:\/\/www.medico.hr\/it\/#organization"},"potentialAction":[{"@type":"SearchAction","target":{"@type":"EntryPoint","urlTemplate":"https:\/\/www.medico.hr\/it\/?s={search_term_string}"},"query-input":{"@type":"PropertyValueSpecification","valueRequired":true,"valueName":"search_term_string"}}],"inLanguage":"it-IT"},{"@type":"Organization","@id":"https:\/\/www.medico.hr\/it\/#organization","name":"Specijalna bolnica Medico","url":"https:\/\/www.medico.hr\/it\/","logo":{"@type":"ImageObject","inLanguage":"it-IT","@id":"https:\/\/www.medico.hr\/it\/#\/schema\/logo\/image\/","url":"https:\/\/www.medico.hr\/wp-content\/uploads\/2022\/03\/logo-medico.png","contentUrl":"https:\/\/www.medico.hr\/wp-content\/uploads\/2022\/03\/logo-medico.png","width":391,"height":101,"caption":"Specijalna bolnica Medico"},"image":{"@id":"https:\/\/www.medico.hr\/it\/#\/schema\/logo\/image\/"}}]}},"_links":{"self":[{"href":"https:\/\/www.medico.hr\/it\/wp-json\/wp\/v2\/pages\/11865","targetHints":{"allow":["GET"]}}],"collection":[{"href":"https:\/\/www.medico.hr\/it\/wp-json\/wp\/v2\/pages"}],"about":[{"href":"https:\/\/www.medico.hr\/it\/wp-json\/wp\/v2\/types\/page"}],"author":[{"embeddable":true,"href":"https:\/\/www.medico.hr\/it\/wp-json\/wp\/v2\/users\/1"}],"replies":[{"embeddable":true,"href":"https:\/\/www.medico.hr\/it\/wp-json\/wp\/v2\/comments?post=11865"}],"version-history":[{"count":1,"href":"https:\/\/www.medico.hr\/it\/wp-json\/wp\/v2\/pages\/11865\/revisions"}],"predecessor-version":[{"id":11866,"href":"https:\/\/www.medico.hr\/it\/wp-json\/wp\/v2\/pages\/11865\/revisions\/11866"}],"up":[{"embeddable":true,"href":"https:\/\/www.medico.hr\/it\/wp-json\/wp\/v2\/pages\/11400"}],"wp:featuredmedia":[{"embeddable":true,"href":"https:\/\/www.medico.hr\/it\/wp-json\/wp\/v2\/media\/11868"}],"wp:attachment":[{"href":"https:\/\/www.medico.hr\/it\/wp-json\/wp\/v2\/media?parent=11865"}],"curies":[{"name":"wp","href":"https:\/\/api.w.org\/{rel}","templated":true}]}}

<p class="is-style-intro">L’oftalmologia è il ramo della medicina che studia la struttura e la funzione dell’occhio in condizioni normali e patologiche.</p>



<p>L’occhio è l’organo con cui percepiamo il mondo che ci circonda. Spesso si trascura il controllo regolare della vista e ci si reca dall’oculista solo quando si nota che le immagini non sono più nitide come prima. La percezione soggettiva di una buona vista può nascondere un problema in fase di sviluppo. Le malattie oculari possono spesso svilupparsi senza sintomi evidenti. Quando si notano i sintomi, la malattia è già avanzata. I controlli preventivi e il trattamento tempestivo contribuiscono alla salute e alla qualità della vita. Dopo i 40 anni è raccomandato un controllo oculistico annuale.</p>



<p>Presso l’Ospedale Specialistico Medico potete effettuare:</p>



<p>Esame dell’acuità visiva<br>Misurazione della pressione oculare<br>Esame biomicroscopico<br>Topografia corneale<br>Misurazione della pressione oculare<br>Esame del fondo oculare<br>Controllo per lenti a contatto<br>Campo visivo Octopus 900<br>OCT (tomografia a coerenza ottica)<br>Ecografia oculare<br>Biometria<br>Pachimetria<br>Interventi chirurgici:<br>Intervento chirurgico della cataratta (opacità del cristallino)<br>Blefaroplastica<br>Rimozione di tumori nella zona delle palpebre<br>Chirurgia dell’orzaiolo<br>Chirurgia del pterigio</p>

<p>L’oftalmologia è il ramo della medicina che studia la struttura e la funzione dell’occhio in condizioni normali e patologiche. L’occhio&#8230;</p>

<!-- This site is optimized with the Yoast SEO plugin v27.5 - https://yoast.com/product/yoast-seo-wordpress/ -->
<title>Oftalmologia | Ospedale Specialistico Medico</title>
<meta name="description" content="L’oftalmologia è il ramo della medicina che studia la struttura e la funzione dell’occhio in condizioni normali e patologiche. L’occhio è l’organo con cui" />
<meta name="robots" content="index, follow, max-snippet:-1, max-image-preview:large, max-video-preview:-1" />
<link rel="canonical" href="https://www.medico.hr/it/attivita/oftalmologia/" />
<meta property="og:locale" content="it_IT" />
<meta property="og:type" content="article" />
<meta property="og:title" content="Oftalmologia | Ospedale Specialistico Medico" />
<meta property="og:description" content="L’oftalmologia è il ramo della medicina che studia la struttura e la funzione dell’occhio in condizioni normali e patologiche. L’occhio è l’organo con cui" />
<meta property="og:url" content="https://www.medico.hr/it/attivita/oftalmologia/" />
<meta property="og:site_name" content="Ospedale Specialistico Medico" />
<meta property="article:modified_time" content="2025-07-30T12:21:22+00:00" />
<meta property="og:image" content="https://www.medico.hr/wp-content/uploads/2019/02/oftalmologija.jpg" />
	<meta property="og:image:width" content="1200" />
	<meta property="og:image:height" content="675" />
	<meta property="og:image:type" content="image/jpeg" />
<meta name="twitter:card" content="summary_large_image" />
<meta name="twitter:label1" content="Tempo di lettura stimato" />
	<meta name="twitter:data1" content="1 minuto" />
<script type="application/ld+json" class="yoast-schema-graph">{"@context":"https:\/\/schema.org","@graph":[{"@type":"WebPage","@id":"https:\/\/www.medico.hr\/it\/attivita\/oftalmologia\/","url":"https:\/\/www.medico.hr\/it\/attivita\/oftalmologia\/","name":"Oftalmologia | Ospedale Specialistico Medico","isPartOf":{"@id":"https:\/\/www.medico.hr\/it\/#website"},"primaryImageOfPage":{"@id":"https:\/\/www.medico.hr\/it\/attivita\/oftalmologia\/#primaryimage"},"image":{"@id":"https:\/\/www.medico.hr\/it\/attivita\/oftalmologia\/#primaryimage"},"thumbnailUrl":"https:\/\/www.medico.hr\/wp-content\/uploads\/2019\/02\/oftalmologija.jpg","datePublished":"2019-01-29T19:11:47+00:00","dateModified":"2025-07-30T12:21:22+00:00","description":"L’oftalmologia è il ramo della medicina che studia la struttura e la funzione dell’occhio in condizioni normali e patologiche. L’occhio è l’organo con cui","breadcrumb":{"@id":"https:\/\/www.medico.hr\/it\/attivita\/oftalmologia\/#breadcrumb"},"inLanguage":"it-IT","potentialAction":[{"@type":"ReadAction","target":["https:\/\/www.medico.hr\/it\/attivita\/oftalmologia\/"]}]},{"@type":"ImageObject","inLanguage":"it-IT","@id":"https:\/\/www.medico.hr\/it\/attivita\/oftalmologia\/#primaryimage","url":"https:\/\/www.medico.hr\/wp-content\/uploads\/2019\/02\/oftalmologija.jpg","contentUrl":"https:\/\/www.medico.hr\/wp-content\/uploads\/2019\/02\/oftalmologija.jpg","width":1200,"height":675},{"@type":"BreadcrumbList","@id":"https:\/\/www.medico.hr\/it\/attivita\/oftalmologia\/#breadcrumb","itemListElement":[{"@type":"ListItem","position":1,"name":"Početna","item":"https:\/\/www.medico.hr\/it\/"},{"@type":"ListItem","position":2,"name":"Attività","item":"https:\/\/www.medico.hr\/it\/attivita\/"},{"@type":"ListItem","position":3,"name":"Oftalmologia"}]},{"@type":"WebSite","@id":"https:\/\/www.medico.hr\/it\/#website","url":"https:\/\/www.medico.hr\/it\/","name":"Specijalna bolnica Medico","description":"In un solo giorno, in un solo luogo","publisher":{"@id":"https:\/\/www.medico.hr\/it\/#organization"},"potentialAction":[{"@type":"SearchAction","target":{"@type":"EntryPoint","urlTemplate":"https:\/\/www.medico.hr\/it\/?s={search_term_string}"},"query-input":{"@type":"PropertyValueSpecification","valueRequired":true,"valueName":"search_term_string"}}],"inLanguage":"it-IT"},{"@type":"Organization","@id":"https:\/\/www.medico.hr\/it\/#organization","name":"Specijalna bolnica Medico","url":"https:\/\/www.medico.hr\/it\/","logo":{"@type":"ImageObject","inLanguage":"it-IT","@id":"https:\/\/www.medico.hr\/it\/#\/schema\/logo\/image\/","url":"https:\/\/www.medico.hr\/wp-content\/uploads\/2022\/03\/logo-medico.png","contentUrl":"https:\/\/www.medico.hr\/wp-content\/uploads\/2022\/03\/logo-medico.png","width":391,"height":101,"caption":"Specijalna bolnica Medico"},"image":{"@id":"https:\/\/www.medico.hr\/it\/#\/schema\/logo\/image\/"}}]}</script>
<!-- / Yoast SEO plugin. -->

L’oftalmologia è il ramo della medicina che studia la struttura e la funzione dell’occhio in condizioni normali e patologiche. L’occhio è l’organo con cui

Početna

Attività
